{"id":155,"date":"2023-07-31T19:01:30","date_gmt":"2023-07-31T19:01:30","guid":{"rendered":"https:\/\/xn--keinwaldfrwind-osb.de\/?page_id=155"},"modified":"2025-02-15T17:43:10","modified_gmt":"2025-02-15T17:43:10","slug":"gespraeche-mit-dem-buergermeister","status":"publish","type":"page","link":"https:\/\/xn--keinwaldfrwind-osb.de\/?page_id=155","title":{"rendered":"Gespr\u00e4che mit dem B\u00fcrgermeister"},"content":{"rendered":"\n<div data-wp-interactive=\"core\/file\" class=\"wp-block-file\"><object data-wp-bind--hidden=\"!state.hasPdfPreview\" hidden class=\"wp-block-file__embed\" data=\"https:\/\/xn--keinwaldfrwind-osb.de\/wp-content\/uploads\/2025\/02\/Petition_final.pdf\" type=\"application\/pdf\" style=\"width:100%;height:600px\" aria-label=\"Einbettung von Petition_final.\"><\/object><a id=\"wp-block-file--media-15b2f03c-730b-4700-89f3-cc4333f53f59\" href=\"https:\/\/xn--keinwaldfrwind-osb.de\/wp-content\/uploads\/2025\/02\/Petition_final.pdf\">Petition_final<\/a><a href=\"https:\/\/xn--keinwaldfrwind-osb.de\/wp-content\/uploads\/2025\/02\/Petition_final.pdf\" class=\"wp-block-file__button wp-element-button\" download aria-describedby=\"wp-block-file--media-15b2f03c-730b-4700-89f3-cc4333f53f59\">Herunterladen<\/a><\/div>\n\n\n\n<p>Vorbereitung zur Info-Messe von ABO-Wind am 27. Mai in der Calauer Stadthalle:<\/p>\n\n\n\n<div data-wp-interactive=\"core\/file\" class=\"wp-block-file\"><object data-wp-bind--hidden=\"!state.hasPdfPreview\" hidden class=\"wp-block-file__embed\" data=\"https:\/\/xn--keinwaldfrwind-osb.de\/wp-content\/uploads\/2024\/05\/Brief_BM_5_24.pdf\" type=\"application\/pdf\" style=\"width:100%;height:600px\" aria-label=\"Einbettung von Brief_BM_5_24.\"><\/object><a id=\"wp-block-file--media-7b3bbd80-48a7-40a3-9dfa-e63b56f8598d\" href=\"https:\/\/xn--keinwaldfrwind-osb.de\/wp-content\/uploads\/2024\/05\/Brief_BM_5_24.pdf\">Brief_BM_5_24<\/a><a href=\"https:\/\/xn--keinwaldfrwind-osb.de\/wp-content\/uploads\/2024\/05\/Brief_BM_5_24.pdf\" class=\"wp-block-file__button wp-element-button\" download aria-describedby=\"wp-block-file--media-7b3bbd80-48a7-40a3-9dfa-e63b56f8598d\">Herunterladen<\/a><\/div>\n\n\n\n<p><strong>Stellungnahme zum Entwurf der Regionalen Planungsgruppe Windenergie<\/strong><\/p>\n\n\n\n<div data-wp-interactive=\"core\/file\" class=\"wp-block-file\"><object data-wp-bind--hidden=\"!state.hasPdfPreview\" hidden class=\"wp-block-file__embed\" data=\"https:\/\/xn--keinwaldfrwind-osb.de\/wp-content\/uploads\/2023\/12\/Brief_BM_12.pdf\" type=\"application\/pdf\" style=\"width:100%;height:600px\" aria-label=\"Einbettung von Brief_BM_12.\"><\/object><a id=\"wp-block-file--media-cfdb6214-1cef-4477-8e2a-5f19b4e5d0bf\" href=\"https:\/\/xn--keinwaldfrwind-osb.de\/wp-content\/uploads\/2023\/12\/Brief_BM_12.pdf\">Brief_BM_12<\/a><a href=\"https:\/\/xn--keinwaldfrwind-osb.de\/wp-content\/uploads\/2023\/12\/Brief_BM_12.pdf\" class=\"wp-block-file__button wp-element-button\" download aria-describedby=\"wp-block-file--media-cfdb6214-1cef-4477-8e2a-5f19b4e5d0bf\">Herunterladen<\/a><\/div>\n\n\n\n<div class=\"wp-block-file\"><a id=\"wp-block-file--media-35251dda-dca1-4cdb-bf7e-2c6bc85ce780\" href=\"https:\/\/xn--keinwaldfrwind-osb.de\/wp-content\/uploads\/2023\/12\/Amtsblatt_CA_12_23.jpg\">Amtsblatt_CA_12_23<\/a><a href=\"https:\/\/xn--keinwaldfrwind-osb.de\/wp-content\/uploads\/2023\/12\/Amtsblatt_CA_12_23.jpg\" class=\"wp-block-file__button wp-element-button\" download aria-describedby=\"wp-block-file--media-35251dda-dca1-4cdb-bf7e-2c6bc85ce780\">Herunterladen<\/a><\/div>\n\n\n\n<p>Mai 2023: Marco Babenz neuer B\u00fcrgermeister<\/p>\n\n\n\n<div data-wp-interactive=\"core\/file\" class=\"wp-block-file\"><object data-wp-bind--hidden=\"!state.hasPdfPreview\" hidden class=\"wp-block-file__embed\" data=\"https:\/\/xn--keinwaldfrwind-osb.de\/wp-content\/uploads\/2023\/12\/Brief_Wahlsieger.pdf\" type=\"application\/pdf\" style=\"width:100%;height:600px\" aria-label=\"Einbettung von Brief_Wahlsieger.\"><\/object><a id=\"wp-block-file--media-c099542f-eeba-4570-87fa-6af83881f9ea\" href=\"https:\/\/xn--keinwaldfrwind-osb.de\/wp-content\/uploads\/2023\/12\/Brief_Wahlsieger.pdf\">Brief_Wahlsieger<\/a><a href=\"https:\/\/xn--keinwaldfrwind-osb.de\/wp-content\/uploads\/2023\/12\/Brief_Wahlsieger.pdf\" class=\"wp-block-file__button wp-element-button\" download aria-describedby=\"wp-block-file--media-c099542f-eeba-4570-87fa-6af83881f9ea\">Herunterladen<\/a><\/div>\n\n\n\n<ul class=\"wp-block-list\">\n<li><strong>9.3.2023 <\/strong>\u2013 Gespr\u00e4ch des B\u00fcrgermeisters Werner Suchner mit der BI und den Investoren f\u00fcr die in Rede stehenden WEA Calau\/Gollmitz im Calauer Bauamt. Gesch\u00e4ftsf\u00fchrer Torsten K\u00e4sch von 4native energy GmbH stellte eingangs die Bereitschaft dar, die Gemeinde Calau, Vereine in Gollmitz und die Gollmitzer Stromkunden selbst sowohl an der weiteren Planung als auch monet\u00e4r zu beteiligen. Die BI \u2013 inzwischen von den wahlberechtigten Gollmitzer B\u00fcrgern per Unterschriftsliste mehrheitlich unterst\u00fctzt \u2013 erkl\u00e4rte, dass sie den eintretenden Wertverlust der H\u00e4user und Grundst\u00fccke und die Beeintr\u00e4chtigung des Lebensgef\u00fchls im Dorf nicht mit Geld bzw. mit geldwerten Leistungen f\u00fcr kompensierbar h\u00e4lt.<\/li>\n<\/ul>\n\n\n\n<p>Die BI wird die f\u00fcr Anfang Mai anstehende B\u00fcrgermeisterwahl nutzen, um die vier Kandidaten f\u00fcrs B\u00fcrgermeisteramt f\u00fcr ihre Position zu gewinnen und wird sich aktiv in den Wahlkampf einbringen.<\/p>\n\n\n\n<p>Weiterhin werden wir auch das Gespr\u00e4ch mit den \u00fcbrigen Stadtverordneten suchen, um Mehrheiten f\u00fcr den Erhalt ortsnaher W\u00e4lder und damit f\u00fcr den Erhalt des besonderen Charmes unserer Heimat zu gewinnen.<\/p>\n\n\n\n<p><\/p>\n\n\n\n<p><\/p>\n","protected":false},"excerpt":{"rendered":"<p>Vorbereitung zur Info-Messe von ABO-Wind am 27. Mai in der Calauer Stadthalle: Stellungnahme zum Entwurf der Regionalen Planungsgruppe Windenergie Mai 2023: Marco Babenz neuer B\u00fcrgermeister Die BI wird die f\u00fcr Anfang Mai anstehende B\u00fcrgermeisterwahl nutzen, um die vier Kandidaten f\u00fcrs B\u00fcrgermeisteramt f\u00fcr ihre Position zu gewinnen und wird sich aktiv in den Wahlkampf einbringen. Weiterhin [&hellip;]<\/p>\n","protected":false},"author":4,"featured_media":0,"parent":0,"menu_order":0,"comment_status":"closed","ping_status":"closed","template":"","meta":{"footnotes":""},"class_list":["post-155","page","type-page","status-publish","hentry"],"_links":{"self":[{"href":"https:\/\/xn--keinwaldfrwind-osb.de\/index.php?rest_route=\/wp\/v2\/pages\/155","targetHints":{"allow":["GET"]}}],"collection":[{"href":"https:\/\/xn--keinwaldfrwind-osb.de\/index.php?rest_route=\/wp\/v2\/pages"}],"about":[{"href":"https:\/\/xn--keinwaldfrwind-osb.de\/index.php?rest_route=\/wp\/v2\/types\/page"}],"author":[{"embeddable":true,"href":"https:\/\/xn--keinwaldfrwind-osb.de\/index.php?rest_route=\/wp\/v2\/users\/4"}],"replies":[{"embeddable":true,"href":"https:\/\/xn--keinwaldfrwind-osb.de\/index.php?rest_route=%2Fwp%2Fv2%2Fcomments&post=155"}],"version-history":[{"count":12,"href":"https:\/\/xn--keinwaldfrwind-osb.de\/index.php?rest_route=\/wp\/v2\/pages\/155\/revisions"}],"predecessor-version":[{"id":297,"href":"https:\/\/xn--keinwaldfrwind-osb.de\/index.php?rest_route=\/wp\/v2\/pages\/155\/revisions\/297"}],"wp:attachment":[{"href":"https:\/\/xn--keinwaldfrwind-osb.de\/index.php?rest_route=%2Fwp%2Fv2%2Fmedia&parent=155"}],"curies":[{"name":"wp","href":"https:\/\/api.w.org\/{rel}","templated":true}]}}