{"id":53,"date":"2023-07-26T17:57:42","date_gmt":"2023-07-26T17:57:42","guid":{"rendered":"https:\/\/xn--keinwaldfrwind-osb.de\/?page_id=53"},"modified":"2023-08-03T18:47:20","modified_gmt":"2023-08-03T18:47:20","slug":"was-wir-wollen","status":"publish","type":"page","link":"https:\/\/xn--keinwaldfrwind-osb.de\/?page_id=53","title":{"rendered":"Was wir wollen?"},"content":{"rendered":"\n<p>Windr\u00e4der sind eine feine Sache: Gro\u00df, leistungsstark und \u2013 ganz toll &#8211; der Wind schickt keine Strom-Rechnung!<\/p>\n\n\n\n<p>Aber auch f\u00fcr Windr\u00e4der gilt die Erkenntnis vom alten Paracelsus: <em>Alle Dinge sind Gift, und nichts ist ohne Gift. Allein die Dosis macht, dass ein Ding kein Gift ist.<\/em><\/p>\n\n\n\n<p>Und wir haben anschauliche Beispiele vor Augen: Die energetische Nutzung biologischer Abf\u00e4lle ist ebenfalls eine feine Sache. In einer Biogasanlage verwertet kann man sogar grundlastf\u00e4higen Strom bereitstellen, also Strom, der dann erzeugt wird, wenn er gebraucht wird. Solange organischer Abfall, der ohnehin anf\u00e4llt, verwertet wird \u2013 alles prima. Wenn aber Monokulturen wie Mais unsere Landschaft \u00fcberwuchern, um Maissilage in die zu gro\u00dfen Biogasanlagen kippen zu k\u00f6nnen, ist die kritische Dosis schnell \u00fcberschritten. Und auf jede m\u00f6gliche oder unm\u00f6gliche Restfl\u00e4che Mais zu pflanzen hat mit dazu beigetragen, dass wir in den letzten 30 Jahren etwa 90 % des deutschen Rebhuhnbestandes ausgerottet haben.<\/p>\n\n\n\n<p>Auch die energetische Verwertung von Holzabf\u00e4llen ist eine feine Sache. Wer mit Holzpellets aus diesen Abf\u00e4llen oder mit Bruchholz heizt, darf sich auf die Schulter klopfen. Wenn aber in Osteuropa, in Skandinavien oder gar in Kanada B\u00e4ume gef\u00e4llt werden, um in Deutschland ganze Kraftwerke damit zu beheizen, ist die kritische Dosis zum Umwelt-Gift lange \u00fcberschritten.<\/p>\n\n\n\n<p>M\u00fcssen wir noch \u00fcber Agrosprit reden? Nein, denn auch in normalem Superbenzin sind bereits rund f\u00fcnf Prozent Ethanol beigemischt, das \u00fcberwiegend aus Getreide hergestellt wurde. Im Diesel sind sogar sieben Prozent Biodiesel aus \u00d6lpflanzen wie Soja, Raps oder der Palm\u00f6lpflanze enthalten. Und diese Beimischungen sind, wie inzwischen jeder wissen kann, nur der Ersatz der Pest durch die Cholera.<\/p>\n\n\n\n<p>Aber jetzt kommt die ultimative L\u00f6sung, kommt endlich die Medaille, die keine Kehrseite zu haben scheint: Windenergie!<\/p>\n\n\n\n<p>Man muss nur schnell geeignete Pl\u00e4tze f\u00fcr die Windturbinen finden. Anfangs hie\u00df es, der Abstand zu Wohnh\u00e4usern soll mindestens der Nabenh\u00f6he mal 10 entsprechen und W\u00e4lder kommen als Standort f\u00fcr Windr\u00e4der \u00fcberhaupt nicht in Frage. Man war sich also noch einigerma\u00dfen der Tatsache bewusst, dass auch ein zuviel an Windr\u00e4dern giftig werden kann.<\/p>\n\n\n\n<p>Aber wenn Ideologie der Erkenntnis im Wege steht, muss die Erkenntnis nun mal weichen. Zur Zeit tragen die Erneuerbaren knapp 50 % zur Deckung des Strombedarfes in Deutschland bei, aber etwa nur 17 % zum Gesamtenergiebedarf (inkl. Heizung und Verkehr). Die ca. 30.000 Windr\u00e4der bei uns sind die gr\u00f6\u00dfte Komponente im Mix der Erneuerbaren. Wind und Sonne wehen bzw. scheinen aber nicht, wenn wir es gerne h\u00e4tten und zur Speicherung haben wir noch keine technisch und wirtschaftlich tragf\u00e4higen L\u00f6sungen. Die Verluste bei einer m\u00f6glichen Speicherung werden auch in 10 Jahren noch vergleichsweise hoch sein. Wer also nur auf Wind und Sonne setzt, braucht bis zur Abschaltung des letzten konventionellen Kraftwerkes vielleicht 300.000 Windr\u00e4der \u2013 wo aber sollen die stehen?<\/p>\n\n\n\n<p>Die Information \u00fcber die geplante Erweiterung des Windindustrie-Gel\u00e4ndes Schadewitz von jetzt 26 auf dann 36 Windturbinen st\u00f6\u00dft bei einer Mehrzahl von Einwohnern, mit denen wir gesprochen haben, auf Ablehnung. Auch sie wollen, genau wie wir, keine weitere Umwandlung ortsnaher W\u00e4lder in Industriegel\u00e4nde, die den Charakter und den Charme unserer engeren Heimat zerst\u00f6ren w\u00fcrde.<\/p>\n\n\n\n<p>Ein Appell an unsere Stadtverordneten enth\u00e4lt daher die Aufforderung an alle Mandatstr\u00e4ger im Calauer Rathaus, sich f\u00fcr eine vernunftgeleitete Energiepolitik stark zu machen und zu verhindern, dass die in einem ausgewogenen Portfolio sinnvolle Nutzung von Windenergie durch eine ma\u00dflose \u00dcberdosis ins Gegenteil verkehrt wird und so ins Gift umschl\u00e4gt.<\/p>\n\n\n\n<p><\/p>\n\n\n\n<figure class=\"wp-block-image size-large\"><img loading=\"lazy\" decoding=\"async\" width=\"719\" height=\"1024\" src=\"https:\/\/xn--keinwaldfrwind-osb.de\/wp-content\/uploads\/2023\/07\/Poster-2-719x1024.jpg\" alt=\"\" class=\"wp-image-63\" srcset=\"https:\/\/xn--keinwaldfrwind-osb.de\/wp-content\/uploads\/2023\/07\/Poster-2-719x1024.jpg 719w, https:\/\/xn--keinwaldfrwind-osb.de\/wp-content\/uploads\/2023\/07\/Poster-2-211x300.jpg 211w, https:\/\/xn--keinwaldfrwind-osb.de\/wp-content\/uploads\/2023\/07\/Poster-2-768x1094.jpg 768w, https:\/\/xn--keinwaldfrwind-osb.de\/wp-content\/uploads\/2023\/07\/Poster-2.jpg 799w\" sizes=\"auto, (max-width: 719px) 100vw, 719px\" \/><\/figure>\n","protected":false},"excerpt":{"rendered":"<p>Windr\u00e4der sind eine feine Sache: Gro\u00df, leistungsstark und \u2013 ganz toll &#8211; der Wind schickt keine Strom-Rechnung! Aber auch f\u00fcr Windr\u00e4der gilt die Erkenntnis vom alten Paracelsus: Alle Dinge sind Gift, und nichts ist ohne Gift. Allein die Dosis macht, dass ein Ding kein Gift ist. Und wir haben anschauliche Beispiele vor Augen: Die energetische [&hellip;]<\/p>\n","protected":false},"author":1,"featured_media":0,"parent":0,"menu_order":0,"comment_status":"closed","ping_status":"closed","template":"","meta":{"footnotes":""},"class_list":["post-53","page","type-page","status-publish","hentry"],"_links":{"self":[{"href":"https:\/\/xn--keinwaldfrwind-osb.de\/index.php?rest_route=\/wp\/v2\/pages\/53","targetHints":{"allow":["GET"]}}],"collection":[{"href":"https:\/\/xn--keinwaldfrwind-osb.de\/index.php?rest_route=\/wp\/v2\/pages"}],"about":[{"href":"https:\/\/xn--keinwaldfrwind-osb.de\/index.php?rest_route=\/wp\/v2\/types\/page"}],"author":[{"embeddable":true,"href":"https:\/\/xn--keinwaldfrwind-osb.de\/index.php?rest_route=\/wp\/v2\/users\/1"}],"replies":[{"embeddable":true,"href":"https:\/\/xn--keinwaldfrwind-osb.de\/index.php?rest_route=%2Fwp%2Fv2%2Fcomments&post=53"}],"version-history":[{"count":9,"href":"https:\/\/xn--keinwaldfrwind-osb.de\/index.php?rest_route=\/wp\/v2\/pages\/53\/revisions"}],"predecessor-version":[{"id":199,"href":"https:\/\/xn--keinwaldfrwind-osb.de\/index.php?rest_route=\/wp\/v2\/pages\/53\/revisions\/199"}],"wp:attachment":[{"href":"https:\/\/xn--keinwaldfrwind-osb.de\/index.php?rest_route=%2Fwp%2Fv2%2Fmedia&parent=53"}],"curies":[{"name":"wp","href":"https:\/\/api.w.org\/{rel}","templated":true}]}}